{"id":194,"date":"2017-10-30T15:17:14","date_gmt":"2017-10-30T15:17:14","guid":{"rendered":"https:\/\/kistit.com\/garazsvasar\/?page_id=194"},"modified":"2017-10-30T15:17:14","modified_gmt":"2017-10-30T15:17:14","slug":"kapcsolat","status":"publish","type":"page","link":"https:\/\/kistit.com\/garazsvasar\/kapcsolat\/","title":{"rendered":"Kapcsolat"},"content":{"rendered":"<p><strong>Ha b\u00e1rmelyik term\u00e9k \u00e9rdekel t\u00e9ged k\u00e9rlek, hogy h\u00edvj fel vagy \u00edrj egy e-mailt!<\/strong><\/p>\n<p>Szoboszlai Krisztina<\/p>\n<p>Telefon: +36 30 483-7491<br \/>\nE-mail: kistitkom@gmail.com<\/p>\n","protected":false},"excerpt":{"rendered":"<p>Ha b\u00e1rmelyik term\u00e9k \u00e9rdekel t\u00e9ged k\u00e9rlek, hogy h\u00edvj fel vagy \u00edrj egy e-mailt! Szoboszlai Krisztina Telefon: +36 30 483-7491 E-mail: kistitkom@gmail.com<\/p>\n","protected":false},"author":2,"featured_media":0,"parent":0,"menu_order":0,"comment_status":"closed","ping_status":"closed","template":"","meta":{"_et_pb_use_builder":"","_et_pb_old_content":"","_et_gb_content_width":""},"_links":{"self":[{"href":"https:\/\/kistit.com\/garazsvasar\/wp-json\/wp\/v2\/pages\/194"}],"collection":[{"href":"https:\/\/kistit.com\/garazsvasar\/wp-json\/wp\/v2\/pages"}],"about":[{"href":"https:\/\/kistit.com\/garazsvasar\/wp-json\/wp\/v2\/types\/page"}],"author":[{"embeddable":true,"href":"https:\/\/kistit.com\/garazsvasar\/wp-json\/wp\/v2\/users\/2"}],"replies":[{"embeddable":true,"href":"https:\/\/kistit.com\/garazsvasar\/wp-json\/wp\/v2\/comments?post=194"}],"version-history":[{"count":1,"href":"https:\/\/kistit.com\/garazsvasar\/wp-json\/wp\/v2\/pages\/194\/revisions"}],"predecessor-version":[{"id":195,"href":"https:\/\/kistit.com\/garazsvasar\/wp-json\/wp\/v2\/pages\/194\/revisions\/195"}],"wp:attachment":[{"href":"https:\/\/kistit.com\/garazsvasar\/wp-json\/wp\/v2\/media?parent=194"}],"curies":[{"name":"wp","href":"https:\/\/api.w.org\/{rel}","templated":true}]}}